of 18877?
43, 439
List the prime factors of 1293.
3, 431
What are the prime factors of 233?
233
What are the prime factors of 7887?
3, 11, 239
What are the prime factors of 1524?
2, 3, 127
List the prime factors of 19652.
2, 17
What are the prime factors of 70900?
2, 5, 709
What are the prime factors of 37693?
37693
List the prime factors of 49.
7
What are the prime factors of 12001?
11, 1091
List the prime factors of 50458.
2, 25229
List the prime factors of 1056.
2, 3, 11
List the prime factors of 25632.
2, 3, 89
List the prime factors of 38510.
2, 5, 3851
What are the prime factors of 1734?
2, 3, 17
List the prime factors of 61497.
3, 6833
List the prime factors of 590.
2, 5, 59
What are the prime factors of 29462?
2, 14731
What are the prime factors of 1693?
1693
List the prime factors of 18642.
2, 3, 13, 239
List the prime factors of 26438.
2, 13219
List the prime factors of 220.
2, 5, 11
What are the prime factors of 12249?
3, 1361
What are the prime factors of 42222?
2, 3, 31, 227
What are the prime factors of 5060?
2, 5, 11, 23
List the prime factors of 3805.
5, 761
List the prime factors of 25751.
11, 2341
List the prime factors of 6946.
2, 23, 151
What are the prime factors of 3867?
3, 1289
What are the prime factors of 22267?
7, 3181
What are the prime factors of 1196?
2, 13, 23
What are the prime factors of 13550?
2, 5, 271
What are the prime factors of 43992?
2, 3, 13, 47
What are the prime factors of 3898?
2, 1949
List the prime factors of 9745.
5, 1949
List the prime factors of 71115.
3, 5, 11, 431
List the prime factors of 1511.
1511
What are the prime factors of 1638?
2, 3, 7, 13
What are the prime factors of 67170?
2, 3, 5, 2239
List the prime factors of 754.
2, 13, 29
What are the prime factors of 911?
911
List the prime factors of 17671.
41, 431
What are the prime factors of 131484?
2, 3, 10957
List the prime factors of 14790.
2, 3, 5, 17, 29
What are the prime factors of 7307?
7307
What are the prime factors of 14451?
3, 4817
List the prime factors of 147049.
7, 3001
What are the prime factors of 18114?
2, 3, 3019
What are the prime factors of 94511?
29, 3259
List the prime factors of 19232.
2, 601
What are the prime factors of 4918?
2, 2459
List the prime factors of 1134.
2, 3, 7
What are the prime factors of 80690?
2, 5, 8069
What are the prime factors of 2174?
2, 1087
What are the prime factors of 1142?
2, 571
List the prime factors of 61760.
2, 5, 193
What are the prime factors of 502?
2, 251
List the prime factors of 24488.
2, 3061
What are the prime factors of 9951?
3, 31, 107
List the prime factors of 1818.
2, 3, 101
List the prime factors of 42739.
79, 541
List the prime factors of 18909.
3, 11, 191
What are the prime factors of 1792?
2, 7
List the prime factors of 335.
5, 67
What are the prime factors of 48177?
3, 53, 101
What are the prime factors of 503?
503
List the prime factors of 1816.
2, 227
List the prime factors of 7.
7
What are the prime factors of 676?
2, 13
List the prime factors of 1581.
3, 17, 31
List the prime factors of 4999.
4999
List the prime factors of 22138.
2, 11069
List the prime factors of 3733.
3733
List the prime factors of 31003.
7, 43, 103
List the prime factors of 11075.
5, 443
List the prime factors of 1045.
5, 11, 19
List the prime factors of 52631.
52631
What are the prime factors of 457?
457
List the prime factors of 7567.
7, 23, 47
What are the prime factors of 46944?
2, 3, 163
What are the prime factors of 10252?
2, 11, 233
What are the prime factors of 5581?
5581
What are the prime factors of 1284?
2, 3, 107
List the prime factors of 15045.
3, 5, 17, 59
List the prime factors of 12325.
5, 17, 29
What are the prime factors of 116021?
181, 641
List the prime factors of 317.
317
What are the prime factors of 16059?
3, 53, 101
List the prime factors of 211.
211
What are the prime factors of 54150?
2, 3, 5, 19
What are the prime factors of 1245?
3, 5, 83
List the prime factors of 88877.
31, 47, 61
What are the prime factors of 7062?
2, 3, 11, 107
List the prime factors of 72976.
2, 4561
List the prime factors of 16894.
2, 8447
What are the prime factors of 1527?
3, 509
List the prime factors of 4813.
4813
List the prime factors of 1155.
3, 5, 7, 11
What are the prime factors of 6100?
2, 5, 61
What are the prime factors of 1843?
19, 97
What are the prime factors of 8318?
2, 4159
List the prime factors of 1597.
1597
What are the prime factors of 50025?
3, 5, 23, 29
What are the prime factors of 44753?
44753
What are the prime factors of 622?
2, 311
List the prime factors of 815.
5, 163
What are the prime factors of 16803?
3, 1867
What are the prime factors of 892?
2, 223
List the prime factors of 2580.
2, 3, 5, 43
List the prime factors of 451.
11, 41
What are the prime factors of 38243?
167, 229
List the prime factors of 1021.
1021
List the prime factors of 8260.
2, 5, 7, 59
List the prime factors of 93810.
2, 3, 5, 53, 59
List the prime factors of 28445.
5, 5689
What are the prime factors of 3126?
2, 3, 521
What are the prime factors of 100?
2, 5
List the prime factors of 2797.
2797
List the prime factors of 71.
71
What are the prime factors of 1001?
7, 11, 13
What are the prime factors of 44721?
3, 4969
What are the prime factors of 2303?
7, 47
List the prime factors of 11655.
3, 5, 7, 37
What are the prime factors of 3750?
2, 3, 5
List the prime factors of 884.
2, 13, 17
List the prime factors of 2126.
2, 1063
What are the prime factors of 31033?
31033
What are the prime factors of 2353?
13, 181
What are the prime factors of 39704?
2, 7, 709
What are the prime factors of 59383?
43, 1381
What are the prime factors of 3594?
2, 3, 599
List the prime factors of 6920.
2, 5, 173
What are the prime factors of 114?
2, 3, 19
List the prime factors of 31876.
2, 13, 613
List the prime factors of 1092.
2, 3, 7, 13
List the prime factors of 1006.
2, 503
What are the prime factors of 46760?
2, 5, 7, 167
What are the prime factors of 48440?
2, 5, 7, 173
What are the prime factors of 8476?
2, 13, 163
List the prime factors of 134017.
13, 61
List the prime factors of 2191.
7, 313
List the prime factors of 153.
3, 17
What are the prime factors of 1886?
2, 23, 41
What are the prime factors of 1465?
5, 293
What are the prime factors of 375?
3, 5
What are the prime factors of 5610?
2, 3, 5, 11, 17
List the prime factors of 50266.
2, 41, 613
What are the prime factors of 19864?
2, 13, 191
What are the prime factors of 537?
3, 179
What are the prime factors of 48017?
48017
What are the prime factors of 3477?
3, 19, 61
What are the prime factors of 121370?
2, 5, 53, 229
List the prime factors of 21596.
2, 5399
List the prime factors of 43636.
2, 10909
What are the prime factors of 4790?
2, 5, 479
List the prime factors of 154754.
2, 77377
What are the prime factors of 126292?
2, 31573
What are the prime factors of 107?
107
What are the prime factors of 122073?
3, 7, 5813
What are the prime factors of 818?
2, 409
What are the prime factors of 1394?
2, 17, 41
What are the prime factors of 3074?
2, 29, 53
List the prime factors of 62864.
2, 3929
What are the prime factors of 20986?
2, 7, 1499
List the prime factors of 7116.
2, 3, 593
What are the prime factors of 26990?
2, 5, 2699
What are the prime factors of 12027?
3, 19, 211
List the prime factors of 431.
431
List the prime factors of 3460.
2, 5, 173
List the prime factors of 4735.
5, 947
What are the prime factors of 7287?
3, 7, 347
What are the prime factors of 1257?
3, 419
List the prime factors of 46688.
2, 1459
What are the prime factors of 55536?
2, 3, 13, 89
List the prime factors of 33757.
33757
What are the prime factors of 37372?
2, 9343
List the prime factors of 8384.
2, 131
List the prime factors of 3696.
2, 3, 7, 11
What are the prime factors of 808?
2, 101
What are the prime factors of 1093?
1093
List the prime factors of 131911.
13, 73, 139
What are the prime factors of 87?
3, 29
What are the prime factors of 77183?
79, 977
List the prime factors of 158.
2, 79
What are the prime factors of 24296?
2, 3037
What are the prime factors of 1005?
3, 5, 67
List the prime factors of 5559.
3, 17, 109
List the prime factors of 2935.
5, 587
What are the prime factors of 4024?
2, 503
List the prime factors of 116579.
116579
List the prime factors o